
Let s = -79 - -100. What is the highest common divisor of s and 42?
21
Let d be (0 - 1 - -2)*4. Suppose -5*a = -d*f + 2, 2*f = 4*f - a - 4. Suppose -2*n + 13 = -m - 0*m, f = m. What is the highest common divisor of 72 and n?
8
Let f be 0 + -1 + 13 + -1. Let a be (180/(-108))/(10/(-66)). Calculate the greatest common factor of f and a.
11
Suppose 0*t - 206 = -2*c + t, -3*t = -4*c + 414. What is the highest common factor of 255 and c?
51
Suppose 0 = 2*v + v - 9, 3*c + 5*v - 825 = 0. What is the greatest common factor of 10 and c?
10
Let z(l) = l**3 - 15*l**2 + 8*l - 8. Let d be z(15). Let f be 69/5 + 2/10. What is the greatest common factor of f and d?
14
Let a = -43 - -79. Let m = 12 - 7. Let v(g) = -g**3 + 6*g**2 - 4*g + 7. Let x be v(m). What is the highest common factor of x and a?
12
Suppose r = 6*r + 95. Let g = -11 - r. Let f = -5 + g. What is the highest common factor of 27 and f?
3
Let o be 1/4 + (-39)/(-52). What is the highest common factor of 1 and o?
1
Let q be 3/(-12)*0 - -22. Let x = q - 10. What is the highest common divisor of x and 24?
12
Let q(j) = -4*j + 2. Let d = 1 - 5. Let c be q(d). Calculate the greatest common factor of c and 6.
6
Let d be 60*(2 - 3/2). Let s = d + -19. Calculate the greatest common divisor of 33 and s.
11
Suppose o = 3*o. Suppose -3*b + 2*b + 88 = o. Calculate the highest common factor of b and 8.
8
Suppose 5*a - a = 48. Let l be 176/6*a/4. Suppose -l - 52 = -4*w. What is the highest common divisor of w and 14?
7
Let b(s) = s**3 - 5*s**2 - 21*s + 12. Let x be b(8). Calculate the greatest common divisor of x and 180.
36
Suppose 56 = -5*n + 206. Calculate the highest common divisor of 12 and n.
6
Suppose 2*p = -5*m + 119, -m = 5*p - p - 13. What is the greatest common divisor of m and 200?
25
Let g be ((-3)/4)/(2/(-8)). Suppose 7*q = 2*q + 105. What is the highest common factor of g and q?
3
Let d(j) = j**2 + 3*j + 4. Let q be d(-6). Suppose 0 = 5*x - 3*x - 176. What is the greatest common divisor of x and q?
22
Let i be (-2)/(-5) + (-32)/5. Let l be i/4*24/9. Let s be l*(-1 - (-2)/(-8)). Calculate the highest common divisor of 30 and s.
5
Let k(d) = -104*d**3 - d**2 - d. Let n be k(-1). Suppose 4*b = 0, 5*g - 96 = -b + n. Calculate the greatest common factor of 10 and g.
10
Let n(a) be the third derivative of -17*a**4/24 - 2*a**3/3 - 3*a**2. Let r be n(-2). Let c be 18/2*(-2)/(-6). Calculate the highest common divisor of r and c.
3
Let c(y) = -y - 3. Let n be c(-3). Suppose p + n*p = 56. What is the highest common factor of 14 and p?
14
Let f = -559 - -312. Let g be (-14)/49 + f/(-7). Calculate the greatest common divisor of g and 14.
7
Let i(k) = k - 15. Suppose -3*o - 4*g = -7 + 3, 5*o = -5*g + 5. Let a be i(o). Let n = a + 33. What is the highest common divisor of n and 126?
18
Let r = -17 - -28. Let z be 1/(-2) - 148/8. Let p = z + 30. Calculate the highest common divisor of p and r.
11
Let p be (-725)/(-55) - 2/11. Suppose -u + 4 = 3*u, 3*v = 4*u - p. Let m(o) = 3*o**2 + 2*o. Let b be m(v). What is the greatest common divisor of b and 84?
21
Let x be 1*-1*(-5 + 3). Let h be ((-24)/15)/(x/(-100)). Calculate the highest common factor of h and 10.
10
Suppose s = -5*y + 26, -4*y + 8*y = -s + 22. Let h(j) = j**3 - 4*j**2 - 4*j - 12. Let t be h(s). Calculate the highest common factor of t and 12.
12
Let k be 3/(-18)*-3*36. What is the greatest common divisor of k and 12?
6
Suppose 2*o = 6*o - j - 216, 270 = 5*o - 5*j. Let b be (-16)/10 - 4/10. Let z be 2/b + o + -8. What is the greatest common divisor of 18 and z?
9
Let r = 1 - -17. What is the highest common divisor of 12 and r?
6
Let n = 32 - 12. What is the greatest common divisor of 140 and n?
20
Suppose -g = -0*g - 4*r - 23, -r - 4 = 0. Suppose -3*c - 128 = -g*c. What is the greatest common factor of 8 and c?
8
Let k = 175 - 174. What is the greatest common divisor of 18 and k?
1
Suppose 0 = -5*d - 8 - 12, -2*p + 8 = -3*d. Let g(a) = -14*a**3 - a**2 - a. Let w be g(p). Calculate the highest common factor of w and 10.
10
Suppose 0*l - l - 7 = -2*h, 4*h + 2*l = 2. Suppose k = -h*k + 6. Let g be 88/3*6/k. What is the highest common divisor of g and 8?
8
Let w be (3/(-12))/((-2)/40). Let n(i) = -i**2 + 7*i + 1. Let h be n(7). Let k be 3/(h/((-4)/(-6))). What is the greatest common divisor of k and w?
1
Suppose 3*q - 5*x = -0*q - 32, 0 = -5*q + 4*x - 75. Let k = q + 64. Calculate the greatest common factor of 15 and k.
15
Suppose -43 + 157 = 3*s. Calculate the greatest common divisor of 19 and s.
19
Suppose 0 = -2*a - 10 + 4. Suppose -5*j + 45 = 3*g, 4*g - 3 = j + 11. Let c be (0 + -7)/(a/j). Calculate the greatest common divisor of 2 and c.
2
Suppose 18*i - 1344 = 6*i. What is the greatest common divisor of i and 84?
28
Let t(r) = -r**2 + 6*r - 1. Let y be t(4). Calculate the highest common divisor of y and 56.
7
Let u = 13 + -10. Suppose u*p - 5*k = 0, -3*p - k + 18 = -0*k. What is the highest common divisor of p and 10?
5
Suppose 6 = u + 5. Let s(v) = 19*v**2. Let d be s(u). What is the greatest common divisor of 171 and d?
19
Let h be 3*(2 - (-4)/2). Let s(n) = 11*n**2 - 2*n - 1. Let m be s(-1). What is the highest common factor of m and h?
12
Suppose -2*h + f = -3*h + 23, -f = -5*h + 109. What is the highest common divisor of 33 and h?
11
Let r be ((-2)/10 - (-1001)/55) + -4. What is the greatest common factor of r and 4?
2
Let l(p) = p**2 - 14*p - 16. Let y be l(16). Calculate the greatest common factor of y and 4.
4
Suppose 5*r - 12 = 23. Calculate the greatest common divisor of 1 and r.
1
Let i(l) = -8*l. Let f be i(-1). Let q be (f/(-5))/(10/(-850)). Calculate the greatest common divisor of 17 and q.
17
Let l = 7 - 3. Let c(x) = x - 2. Let g be c(6). Suppose -3*o + 14 = 5*u, -4*o - 8 = -g*u + 16. What is the greatest common divisor of l and u?
4
Suppose r - 54 = 100. Calculate the highest common divisor of r and 22.
22
Suppose -4*l + 136 = -0*l. Calculate the greatest common divisor of l and 17.
17
Let x be ((-384)/(-36))/((-2)/(-3)). What is the greatest common factor of 4 and x?
4
Let a be (-6)/33*-155 - (-4)/(-22). What is the highest common factor of a and 252?
28
Suppose 0 = -o + 15 + 57. What is the highest common factor of o and 24?
24
Suppose -2*c - 4*v - v + 50 = 0, 2*c + 3*v = 54. What is the highest common factor of 240 and c?
30
Suppose -4*r - 5*p = -196, 3*p = r - 5*r + 188. Let z = 66 - r. What is the greatest common factor of z and 110?
22
Suppose 2*z - 220 = -2*z. Let t be 2 + (9 + 3 - 3). What is the greatest common factor of z and t?
11
Let r = -92 - -100. Calculate the greatest common divisor of r and 104.
8
Let w be 1*3 + 1 + 4. Let l(r) = -2*r + 7. Let v be l(w). Let o be v/3 - (-22 + 2). What is the highest common divisor of 17 and o?
17
Let k be (2/(-5))/(2/(-640)). Calculate the greatest common factor of k and 16.
16
Let a be 2/(-11) + 1837/121. Calculate the highest common factor of 105 and a.
15
Let y(l) = -l - 2. Let z = -14 - -27. Suppose 2*u + 10 = h, 3*u - 4*h = z - 38. Let c be y(u). Calculate the greatest common factor of c and 7.
1
Let w be ((-8)/10)/(2 + (-48)/20). What is the greatest common factor of 32 and w?
2
Suppose -g + 4*x = -0*g - 88, 4*g = -2*x + 352. Calculate the greatest common factor of g and 8.
8
Suppose -2*n = -3*x + 6, -4*x - 5*n = -x - 6. Suppose -a + 4*b = 0, -a - x*b = -0*a + 6. Let v be 2/4 - a/8. What is the greatest common factor of 7 and v?
1
Let d(w) = 5*w. Let i be d(3). Suppose 2*g + 30 - 270 = 0. What is the highest common divisor of i and g?
15
Suppose 0 = -7*p + 132 - 48. Calculate the greatest common factor of 48 and p.
12
Let u be 7 + -5 + 3 + -1. Let t be ((-2)/u)/((-2)/(-4)). Let b be (-170)/(-5) - t*1. Calculate the highest common divisor of b and 7.
7
Let u(m) = -m**2 + 7*m - 4. Let x be u(6). Let r = -2 + 1. Let c(o) = -7*o - 1. Let t be c(r). Calculate the highest common factor of x and t.
2
Let a(i) = 56*i**3 - i**2 - i + 1. Let k be a(1). What is the highest common divisor of k and 44?
11
Let x be 5 + 2/(6/(-9)). Suppose x*z + 10 = 2*t - 2, -2*z - 14 = -3*t. Suppose 0 = -i - 0*i + t. Calculate the highest common factor of 22 and i.
2
Suppose -4*a = a - 560. Let n be ((-6)/(-5))/(1/115). Let b be n/9 + 2/3. Calculate the highest common factor of b and a.
16
Suppose -r